{"id":343,"date":"2025-02-20T20:11:28","date_gmt":"2025-02-20T20:11:28","guid":{"rendered":"https:\/\/karchertempclean.com.br\/?post_type=product&#038;p=343"},"modified":"2025-02-20T20:11:28","modified_gmt":"2025-02-20T20:11:28","slug":"lavadora-e-secadora-de-piso-karcher-bd-power","status":"publish","type":"product","link":"https:\/\/karchertempclean.com.br\/?product=lavadora-e-secadora-de-piso-karcher-bd-power","title":{"rendered":"Lavadora e Secadora de Piso Karcher BD Power"},"content":{"rendered":"<h2>Dados T\u00e9cnicos<\/h2>\n<div class=\"tabela__medidas\">\n<div class=\"tabela__medidas-container\">\n<ul>\n<li>Modelo: BD Power<\/li>\n<\/ul>\n<ul>\n<li>Acionamento: Bateria<\/li>\n<\/ul>\n<ul>\n<li>Tens\u00e3o (V): 36<\/li>\n<\/ul>\n<ul>\n<li>Produtividade te\u00f3rica (m\u00b2\/h): 5.400<\/li>\n<\/ul>\n<ul>\n<li>Faixa de trabalho &#8211; escovas (mm): 900<\/li>\n<\/ul>\n<ul>\n<li>Faixa de trabalho &#8211; aspira\u00e7\u00e3o (mm): 1.200<\/li>\n<\/ul>\n<ul>\n<li>Reservat\u00f3rio de \u00e1gua limpa\/suja (L): 160 \/ 160<\/li>\n<\/ul>\n<ul>\n<li>Velocidade da escova (rpm): 100 &#8211; 190<\/li>\n<\/ul>\n<ul>\n<li>Press\u00e3o da escova (g\/cm\u00b2): 30<\/li>\n<\/ul>\n<ul>\n<li>Tens\u00e3o da bateria (V\/Ah): 36 \/ 300<\/li>\n<\/ul>\n<ul>\n<li>Motor de trac\u00e7\u00e3o (W): 600<\/li>\n<\/ul>\n<ul>\n<li>Peso (com embalagem) (kg): 372<\/li>\n<\/ul>\n<ul>\n<li>Dimens\u00f5es (mm) (CxLxA): 1740 x 970 x 1445<\/li>\n<\/ul>\n<\/div>\n<\/div>\n<h2>Garantia<\/h2>\n<p>&#8211; Garantia: 12 meses (3 meses de garantia legal por lei, contando a partir da data de emiss\u00e3o da Nota Fiscal de Venda e 9 meses de garantia concedido pelo fabricante contra defeito de fabrica\u00e7\u00e3o).<\/p>\n","protected":false},"excerpt":{"rendered":"<p>Especialmente desenvolvida para os clientes mais exigentes, a Lavadora e Secadora de Piso BD POWER possui uma excelente rela\u00e7\u00e3o entre desempenho e custo\/benef\u00edcio. Com um tanque com capacidade de 160 litros (\u00e1gua limpa\/suja), \u00e1rea de trabalho de 90 cm e autonomia m\u00e9dia de 6hs (bateria), \u00e9 perfeita para limpar grandes \u00e1reas.<\/p>\n","protected":false},"featured_media":344,"comment_status":"open","ping_status":"closed","template":"","meta":[],"product_brand":[],"product_cat":[21],"product_tag":[],"class_list":{"0":"post-343","1":"product","2":"type-product","3":"status-publish","4":"has-post-thumbnail","6":"product_cat-lavadoras-e-secadoras-de-piso","8":"first","9":"instock","10":"shipping-taxable","11":"product-type-simple"},"_links":{"self":[{"href":"https:\/\/karchertempclean.com.br\/index.php?rest_route=\/wp\/v2\/product\/343","targetHints":{"allow":["GET"]}}],"collection":[{"href":"https:\/\/karchertempclean.com.br\/index.php?rest_route=\/wp\/v2\/product"}],"about":[{"href":"https:\/\/karchertempclean.com.br\/index.php?rest_route=\/wp\/v2\/types\/product"}],"replies":[{"embeddable":true,"href":"https:\/\/karchertempclean.com.br\/index.php?rest_route=%2Fwp%2Fv2%2Fcomments&post=343"}],"version-history":[{"count":0,"href":"https:\/\/karchertempclean.com.br\/index.php?rest_route=\/wp\/v2\/product\/343\/revisions"}],"wp:featuredmedia":[{"embeddable":true,"href":"https:\/\/karchertempclean.com.br\/index.php?rest_route=\/wp\/v2\/media\/344"}],"wp:attachment":[{"href":"https:\/\/karchertempclean.com.br\/index.php?rest_route=%2Fwp%2Fv2%2Fmedia&parent=343"}],"wp:term":[{"taxonomy":"product_brand","embeddable":true,"href":"https:\/\/karchertempclean.com.br\/index.php?rest_route=%2Fwp%2Fv2%2Fproduct_brand&post=343"},{"taxonomy":"product_cat","embeddable":true,"href":"https:\/\/karchertempclean.com.br\/index.php?rest_route=%2Fwp%2Fv2%2Fproduct_cat&post=343"},{"taxonomy":"product_tag","embeddable":true,"href":"https:\/\/karchertempclean.com.br\/index.php?rest_route=%2Fwp%2Fv2%2Fproduct_tag&post=343"}],"curies":[{"name":"wp","href":"https:\/\/api.w.org\/{rel}","templated":true}]}}